{"version":"1.0","provider_name":"Canal Dana","provider_url":"https:\/\/dana.com.br\/canaldana","author_name":"Canal Dana","author_url":"https:\/\/dana.com.br\/canaldana\/author\/cdeditor\/","title":"Vendas financiadas de carros superam neg\u00f3cios \u00e0 vista - Canal Dana","type":"rich","width":600,"height":338,"html":"<blockquote class=\"wp-embedded-content\" data-secret=\"IHuLaB6PfA\"><a href=\"https:\/\/dana.com.br\/canaldana\/2024\/08\/12\/vendas-financiadas-de-carros-superam-negocios-a-vista\/\">Vendas financiadas de carros superam neg\u00f3cios \u00e0 vista<\/a><\/blockquote><iframe sandbox=\"allow-scripts\" security=\"restricted\" src=\"https:\/\/dana.com.br\/canaldana\/2024\/08\/12\/vendas-financiadas-de-carros-superam-negocios-a-vista\/embed\/#?secret=IHuLaB6PfA\" width=\"600\" height=\"338\" title=\"&#8220;Vendas financiadas de carros superam neg\u00f3cios \u00e0 vista&#8221; &#8212; Canal Dana\" data-secret=\"IHuLaB6PfA\" frameborder=\"0\" marginwidth=\"0\" marginheight=\"0\" scrolling=\"no\" class=\"wp-embedded-content\"><\/iframe><script type=\"text\/javascript\">\n\/* <![CDATA[ *\/\n\/*! This file is auto-generated *\/\n!function(d,l){\"use strict\";l.querySelector&&d.addEventListener&&\"undefined\"!=typeof URL&&(d.wp=d.wp||{},d.wp.receiveEmbedMessage||(d.wp.receiveEmbedMessage=function(e){var t=e.data;if((t||t.secret||t.message||t.value)&&!\/[^a-zA-Z0-9]\/.test(t.secret)){for(var s,r,n,a=l.querySelectorAll('iframe[data-secret=\"'+t.secret+'\"]'),o=l.querySelectorAll('blockquote[data-secret=\"'+t.secret+'\"]'),c=new RegExp(\"^https?:$\",\"i\"),i=0;i<o.length;i++)o[i].style.display=\"none\";for(i=0;i<a.length;i++)s=a[i],e.source===s.contentWindow&&(s.removeAttribute(\"style\"),\"height\"===t.message?(1e3<(r=parseInt(t.value,10))?r=1e3:~~r<200&&(r=200),s.height=r):\"link\"===t.message&&(r=new URL(s.getAttribute(\"src\")),n=new URL(t.value),c.test(n.protocol))&&n.host===r.host&&l.activeElement===s&&(d.top.location.href=t.value))}},d.addEventListener(\"message\",d.wp.receiveEmbedMessage,!1),l.addEventListener(\"DOMContentLoaded\",function(){for(var e,t,s=l.querySelectorAll(\"iframe.wp-embedded-content\"),r=0;r<s.length;r++)(t=(e=s[r]).getAttribute(\"data-secret\"))||(t=Math.random().toString(36).substring(2,12),e.src+=\"#?secret=\"+t,e.setAttribute(\"data-secret\",t)),e.contentWindow.postMessage({message:\"ready\",secret:t},\"*\")},!1)))}(window,document);\n\/* ]]> *\/\n<\/script>\n","description":"AutoInd\u00fastria &nbsp; Dados da Anef, Associa\u00e7\u00e3o Nacional das Empresas Financeiras das Montadoras, confirmam as melhorias nas condi\u00e7\u00f5es de cr\u00e9dito que v\u00eam movimentando este ano as vendas no varejo do setor automotivo, conforme comentado pelo presidente da Anfavea, M\u00e1rcio de Lima Leite, esta semana. &nbsp; Um dos principais dados positivos \u00e9 a queda da inadimpl\u00eancia, de\u2026 Leia mais \u00bb"}

Vendas financiadas de carros superam negócios à vista - Canal Dana

<blockquote class="wp-embedded-content" data-secret="IHuLaB6PfA"><a href="https://dana.com.br/canaldana/2024/08/12/vendas-financiadas-de-carros-superam-negocios-a-vista/">Vendas financiadas de carros superam negócios à vista</a></blockquote><iframe sandbox="allow-scripts" security="restricted" src="https://dana.com.br/canaldana/2024/08/12/vendas-financiadas-de-carros-superam-negocios-a-vista/embed/#?secret=IHuLaB6PfA" width="600" height="338" title="&#8220;Vendas financiadas de carros superam negócios à vista&#8221; &#8212; Canal Dana" data-secret="IHuLaB6PfA" frameborder="0" marginwidth="0" marginheight="0" scrolling="no" class="wp-embedded-content"></iframe><script type="text/javascript">
/* <![CDATA[ */
/*! This file is auto-generated */
!function(d,l){"use strict";l.querySelector&&d.addEventListener&&"undefined"!=typeof URL&&(d.wp=d.wp||{},d.wp.receiveEmbedMessage||(d.wp.receiveEmbedMessage=function(e){var t=e.data;if((t||t.secret||t.message||t.value)&&!/[^a-zA-Z0-9]/.test(t.secret)){for(var s,r,n,a=l.querySelectorAll('iframe[data-secret="'+t.secret+'"]'),o=l.querySelectorAll('blockquote[data-secret="'+t.secret+'"]'),c=new RegExp("^https?:$","i"),i=0;i<o.length;i++)o[i].style.display="none";for(i=0;i<a.length;i++)s=a[i],e.source===s.contentWindow&&(s.removeAttribute("style"),"height"===t.message?(1e3<(r=parseInt(t.value,10))?r=1e3:~~r<200&&(r=200),s.height=r):"link"===t.message&&(r=new URL(s.getAttribute("src")),n=new URL(t.value),c.test(n.protocol))&&n.host===r.host&&l.activeElement===s&&(d.top.location.href=t.value))}},d.addEventListener("message",d.wp.receiveEmbedMessage,!1),l.addEventListener("DOMContentLoaded",function(){for(var e,t,s=l.querySelectorAll("iframe.wp-embedded-content"),r=0;r<s.length;r++)(t=(e=s[r]).getAttribute("data-secret"))||(t=Math.random().toString(36).substring(2,12),e.src+="#?secret="+t,e.setAttribute("data-secret",t)),e.contentWindow.postMessage({message:"ready",secret:t},"*")},!1)))}(window,document);
/* ]]> */
</script>

AutoIndústria &nbsp; Dados da Anef, Associação Nacional das Empresas Financeiras das Montadoras, confirmam as melhorias nas condições de crédito que vêm movimentando este ano as vendas no varejo do setor automotivo, conforme comentado pelo presidente da Anfavea, Márcio de Lima Leite, esta semana. &nbsp; Um dos principais dados positivos é a queda da inadimplência, de… Leia mais »
