{"version":"1.0","provider_name":"Canal Dana","provider_url":"https:\/\/dana.com.br\/canaldana","author_name":"Canal Dana","author_url":"https:\/\/dana.com.br\/canaldana\/author\/cdeditor\/","title":"Com 12,1%, Volkswagen tem menor participa\u00e7\u00e3o desde 2017 - Canal Dana","type":"rich","width":600,"height":338,"html":"<blockquote class=\"wp-embedded-content\" data-secret=\"dwpT6Lvw5I\"><a href=\"https:\/\/dana.com.br\/canaldana\/2022\/08\/04\/com-121-volkswagen-tem-menor-participacao-desde-2017\/\">Com 12,1%, Volkswagen tem menor participa\u00e7\u00e3o desde 2017<\/a><\/blockquote><iframe sandbox=\"allow-scripts\" security=\"restricted\" src=\"https:\/\/dana.com.br\/canaldana\/2022\/08\/04\/com-121-volkswagen-tem-menor-participacao-desde-2017\/embed\/#?secret=dwpT6Lvw5I\" width=\"600\" height=\"338\" title=\"&#8220;Com 12,1%, Volkswagen tem menor participa\u00e7\u00e3o desde 2017&#8221; &#8212; Canal Dana\" data-secret=\"dwpT6Lvw5I\" frameborder=\"0\" marginwidth=\"0\" marginheight=\"0\" scrolling=\"no\" class=\"wp-embedded-content\"><\/iframe><script type=\"text\/javascript\">\n\/* <![CDATA[ *\/\n\/*! This file is auto-generated *\/\n!function(d,l){\"use strict\";l.querySelector&&d.addEventListener&&\"undefined\"!=typeof URL&&(d.wp=d.wp||{},d.wp.receiveEmbedMessage||(d.wp.receiveEmbedMessage=function(e){var t=e.data;if((t||t.secret||t.message||t.value)&&!\/[^a-zA-Z0-9]\/.test(t.secret)){for(var s,r,n,a=l.querySelectorAll('iframe[data-secret=\"'+t.secret+'\"]'),o=l.querySelectorAll('blockquote[data-secret=\"'+t.secret+'\"]'),c=new RegExp(\"^https?:$\",\"i\"),i=0;i<o.length;i++)o[i].style.display=\"none\";for(i=0;i<a.length;i++)s=a[i],e.source===s.contentWindow&&(s.removeAttribute(\"style\"),\"height\"===t.message?(1e3<(r=parseInt(t.value,10))?r=1e3:~~r<200&&(r=200),s.height=r):\"link\"===t.message&&(r=new URL(s.getAttribute(\"src\")),n=new URL(t.value),c.test(n.protocol))&&n.host===r.host&&l.activeElement===s&&(d.top.location.href=t.value))}},d.addEventListener(\"message\",d.wp.receiveEmbedMessage,!1),l.addEventListener(\"DOMContentLoaded\",function(){for(var e,t,s=l.querySelectorAll(\"iframe.wp-embedded-content\"),r=0;r<s.length;r++)(t=(e=s[r]).getAttribute(\"data-secret\"))||(t=Math.random().toString(36).substring(2,12),e.src+=\"#?secret=\"+t,e.setAttribute(\"data-secret\",t)),e.contentWindow.postMessage({message:\"ready\",secret:t},\"*\")},!1)))}(window,document);\n\/* ]]> *\/\n<\/script>\n","description":"AutoInd\u00fastria &nbsp; Com 12,1% de participa\u00e7\u00e3o e 123,6 mil autom\u00f3veis e comercias leves negociados, a Volkswagen come\u00e7a a ver amea\u00e7ada sua terceira coloca\u00e7\u00e3o no mercado brasileiro. Passados os sete primeiros meses de 2022, a vantagem para a atual quarta colocada Toyota (107,6 mil) \u00e9 de apenas 1,6 ponto porcentual e de 1,8 ponto para\u00a0 a\u2026 Leia mais \u00bb"}

Com 12,1%, Volkswagen tem menor participação desde 2017 - Canal Dana

<blockquote class="wp-embedded-content" data-secret="dwpT6Lvw5I"><a href="https://dana.com.br/canaldana/2022/08/04/com-121-volkswagen-tem-menor-participacao-desde-2017/">Com 12,1%, Volkswagen tem menor participação desde 2017</a></blockquote><iframe sandbox="allow-scripts" security="restricted" src="https://dana.com.br/canaldana/2022/08/04/com-121-volkswagen-tem-menor-participacao-desde-2017/embed/#?secret=dwpT6Lvw5I" width="600" height="338" title="&#8220;Com 12,1%, Volkswagen tem menor participação desde 2017&#8221; &#8212; Canal Dana" data-secret="dwpT6Lvw5I" frameborder="0" marginwidth="0" marginheight="0" scrolling="no" class="wp-embedded-content"></iframe><script type="text/javascript">
/* <![CDATA[ */
/*! This file is auto-generated */
!function(d,l){"use strict";l.querySelector&&d.addEventListener&&"undefined"!=typeof URL&&(d.wp=d.wp||{},d.wp.receiveEmbedMessage||(d.wp.receiveEmbedMessage=function(e){var t=e.data;if((t||t.secret||t.message||t.value)&&!/[^a-zA-Z0-9]/.test(t.secret)){for(var s,r,n,a=l.querySelectorAll('iframe[data-secret="'+t.secret+'"]'),o=l.querySelectorAll('blockquote[data-secret="'+t.secret+'"]'),c=new RegExp("^https?:$","i"),i=0;i<o.length;i++)o[i].style.display="none";for(i=0;i<a.length;i++)s=a[i],e.source===s.contentWindow&&(s.removeAttribute("style"),"height"===t.message?(1e3<(r=parseInt(t.value,10))?r=1e3:~~r<200&&(r=200),s.height=r):"link"===t.message&&(r=new URL(s.getAttribute("src")),n=new URL(t.value),c.test(n.protocol))&&n.host===r.host&&l.activeElement===s&&(d.top.location.href=t.value))}},d.addEventListener("message",d.wp.receiveEmbedMessage,!1),l.addEventListener("DOMContentLoaded",function(){for(var e,t,s=l.querySelectorAll("iframe.wp-embedded-content"),r=0;r<s.length;r++)(t=(e=s[r]).getAttribute("data-secret"))||(t=Math.random().toString(36).substring(2,12),e.src+="#?secret="+t,e.setAttribute("data-secret",t)),e.contentWindow.postMessage({message:"ready",secret:t},"*")},!1)))}(window,document);
/* ]]> */
</script>

AutoIndústria &nbsp; Com 12,1% de participação e 123,6 mil automóveis e comercias leves negociados, a Volkswagen começa a ver ameaçada sua terceira colocação no mercado brasileiro. Passados os sete primeiros meses de 2022, a vantagem para a atual quarta colocada Toyota (107,6 mil) é de apenas 1,6 ponto porcentual e de 1,8 ponto para  a… Leia mais »
