{"version":"1.0","provider_name":"Canal Dana","provider_url":"https:\/\/dana.com.br\/canaldana","author_name":"Canal Dana","author_url":"https:\/\/dana.com.br\/canaldana\/author\/cdeditor\/","title":"Competi\u00e7\u00e3o entre empresas p\u00f5e mais op\u00e7\u00f5es no mercado - Canal Dana","type":"rich","width":600,"height":338,"html":"<blockquote class=\"wp-embedded-content\" data-secret=\"v6ZWrtqvTt\"><a href=\"https:\/\/dana.com.br\/canaldana\/2022\/06\/27\/competicao-entre-empresas-poe-mais-opcoes-no-mercado\/\">Competi\u00e7\u00e3o entre empresas p\u00f5e mais op\u00e7\u00f5es no mercado<\/a><\/blockquote><iframe sandbox=\"allow-scripts\" security=\"restricted\" src=\"https:\/\/dana.com.br\/canaldana\/2022\/06\/27\/competicao-entre-empresas-poe-mais-opcoes-no-mercado\/embed\/#?secret=v6ZWrtqvTt\" width=\"600\" height=\"338\" title=\"&#8220;Competi\u00e7\u00e3o entre empresas p\u00f5e mais op\u00e7\u00f5es no mercado&#8221; &#8212; Canal Dana\" data-secret=\"v6ZWrtqvTt\" frameborder=\"0\" marginwidth=\"0\" marginheight=\"0\" scrolling=\"no\" class=\"wp-embedded-content\"><\/iframe><script type=\"text\/javascript\">\n\/* <![CDATA[ *\/\n\/*! This file is auto-generated *\/\n!function(d,l){\"use strict\";l.querySelector&&d.addEventListener&&\"undefined\"!=typeof URL&&(d.wp=d.wp||{},d.wp.receiveEmbedMessage||(d.wp.receiveEmbedMessage=function(e){var t=e.data;if((t||t.secret||t.message||t.value)&&!\/[^a-zA-Z0-9]\/.test(t.secret)){for(var s,r,n,a=l.querySelectorAll('iframe[data-secret=\"'+t.secret+'\"]'),o=l.querySelectorAll('blockquote[data-secret=\"'+t.secret+'\"]'),c=new RegExp(\"^https?:$\",\"i\"),i=0;i<o.length;i++)o[i].style.display=\"none\";for(i=0;i<a.length;i++)s=a[i],e.source===s.contentWindow&&(s.removeAttribute(\"style\"),\"height\"===t.message?(1e3<(r=parseInt(t.value,10))?r=1e3:~~r<200&&(r=200),s.height=r):\"link\"===t.message&&(r=new URL(s.getAttribute(\"src\")),n=new URL(t.value),c.test(n.protocol))&&n.host===r.host&&l.activeElement===s&&(d.top.location.href=t.value))}},d.addEventListener(\"message\",d.wp.receiveEmbedMessage,!1),l.addEventListener(\"DOMContentLoaded\",function(){for(var e,t,s=l.querySelectorAll(\"iframe.wp-embedded-content\"),r=0;r<s.length;r++)(t=(e=s[r]).getAttribute(\"data-secret\"))||(t=Math.random().toString(36).substring(2,12),e.src+=\"#?secret=\"+t,e.setAttribute(\"data-secret\",t)),e.contentWindow.postMessage({message:\"ready\",secret:t},\"*\")},!1)))}(window,document);\n\/* ]]> *\/\n<\/script>\n","description":"O Estado de S. Paulo &nbsp; O crescimento da oferta de ve\u00edculos el\u00e9tricos e h\u00edbridos reflete a disputa entre as montadoras para n\u00e3o ficar para tr\u00e1s na corrida pela eletrifica\u00e7\u00e3o no Pa\u00eds. Com exce\u00e7\u00e3o da Volkswagen, todas as fabricantes t\u00eam algum modelo do tipo \u00e0 venda, ou ter\u00e3o at\u00e9 o fim do ano. Entre as\u2026 Leia mais \u00bb"}

Competição entre empresas põe mais opções no mercado - Canal Dana

<blockquote class="wp-embedded-content" data-secret="v6ZWrtqvTt"><a href="https://dana.com.br/canaldana/2022/06/27/competicao-entre-empresas-poe-mais-opcoes-no-mercado/">Competição entre empresas põe mais opções no mercado</a></blockquote><iframe sandbox="allow-scripts" security="restricted" src="https://dana.com.br/canaldana/2022/06/27/competicao-entre-empresas-poe-mais-opcoes-no-mercado/embed/#?secret=v6ZWrtqvTt" width="600" height="338" title="&#8220;Competição entre empresas põe mais opções no mercado&#8221; &#8212; Canal Dana" data-secret="v6ZWrtqvTt" frameborder="0" marginwidth="0" marginheight="0" scrolling="no" class="wp-embedded-content"></iframe><script type="text/javascript">
/* <![CDATA[ */
/*! This file is auto-generated */
!function(d,l){"use strict";l.querySelector&&d.addEventListener&&"undefined"!=typeof URL&&(d.wp=d.wp||{},d.wp.receiveEmbedMessage||(d.wp.receiveEmbedMessage=function(e){var t=e.data;if((t||t.secret||t.message||t.value)&&!/[^a-zA-Z0-9]/.test(t.secret)){for(var s,r,n,a=l.querySelectorAll('iframe[data-secret="'+t.secret+'"]'),o=l.querySelectorAll('blockquote[data-secret="'+t.secret+'"]'),c=new RegExp("^https?:$","i"),i=0;i<o.length;i++)o[i].style.display="none";for(i=0;i<a.length;i++)s=a[i],e.source===s.contentWindow&&(s.removeAttribute("style"),"height"===t.message?(1e3<(r=parseInt(t.value,10))?r=1e3:~~r<200&&(r=200),s.height=r):"link"===t.message&&(r=new URL(s.getAttribute("src")),n=new URL(t.value),c.test(n.protocol))&&n.host===r.host&&l.activeElement===s&&(d.top.location.href=t.value))}},d.addEventListener("message",d.wp.receiveEmbedMessage,!1),l.addEventListener("DOMContentLoaded",function(){for(var e,t,s=l.querySelectorAll("iframe.wp-embedded-content"),r=0;r<s.length;r++)(t=(e=s[r]).getAttribute("data-secret"))||(t=Math.random().toString(36).substring(2,12),e.src+="#?secret="+t,e.setAttribute("data-secret",t)),e.contentWindow.postMessage({message:"ready",secret:t},"*")},!1)))}(window,document);
/* ]]> */
</script>

O Estado de S. Paulo &nbsp; O crescimento da oferta de veículos elétricos e híbridos reflete a disputa entre as montadoras para não ficar para trás na corrida pela eletrificação no País. Com exceção da Volkswagen, todas as fabricantes têm algum modelo do tipo à venda, ou terão até o fim do ano. Entre as… Leia mais »
