{"version":"1.0","provider_name":"Canal Dana","provider_url":"https:\/\/dana.com.br\/canaldana","author_name":"Canal Dana","author_url":"https:\/\/dana.com.br\/canaldana\/author\/cdeditor\/","title":"Tempos dif\u00edceis aguardam as grandes montadoras - Canal Dana","type":"rich","width":600,"height":338,"html":"<blockquote class=\"wp-embedded-content\" data-secret=\"azmBiHZvOr\"><a href=\"https:\/\/dana.com.br\/canaldana\/2019\/06\/17\/tempos-dificeis-aguardam-as-grandes-montadoras\/\">Tempos dif\u00edceis aguardam as grandes montadoras<\/a><\/blockquote><iframe sandbox=\"allow-scripts\" security=\"restricted\" src=\"https:\/\/dana.com.br\/canaldana\/2019\/06\/17\/tempos-dificeis-aguardam-as-grandes-montadoras\/embed\/#?secret=azmBiHZvOr\" width=\"600\" height=\"338\" title=\"&#8220;Tempos dif\u00edceis aguardam as grandes montadoras&#8221; &#8212; Canal Dana\" data-secret=\"azmBiHZvOr\" frameborder=\"0\" marginwidth=\"0\" marginheight=\"0\" scrolling=\"no\" class=\"wp-embedded-content\"><\/iframe><script type=\"text\/javascript\">\n\/* <![CDATA[ *\/\n\/*! This file is auto-generated *\/\n!function(d,l){\"use strict\";l.querySelector&&d.addEventListener&&\"undefined\"!=typeof URL&&(d.wp=d.wp||{},d.wp.receiveEmbedMessage||(d.wp.receiveEmbedMessage=function(e){var t=e.data;if((t||t.secret||t.message||t.value)&&!\/[^a-zA-Z0-9]\/.test(t.secret)){for(var s,r,n,a=l.querySelectorAll('iframe[data-secret=\"'+t.secret+'\"]'),o=l.querySelectorAll('blockquote[data-secret=\"'+t.secret+'\"]'),c=new RegExp(\"^https?:$\",\"i\"),i=0;i<o.length;i++)o[i].style.display=\"none\";for(i=0;i<a.length;i++)s=a[i],e.source===s.contentWindow&&(s.removeAttribute(\"style\"),\"height\"===t.message?(1e3<(r=parseInt(t.value,10))?r=1e3:~~r<200&&(r=200),s.height=r):\"link\"===t.message&&(r=new URL(s.getAttribute(\"src\")),n=new URL(t.value),c.test(n.protocol))&&n.host===r.host&&l.activeElement===s&&(d.top.location.href=t.value))}},d.addEventListener(\"message\",d.wp.receiveEmbedMessage,!1),l.addEventListener(\"DOMContentLoaded\",function(){for(var e,t,s=l.querySelectorAll(\"iframe.wp-embedded-content\"),r=0;r<s.length;r++)(t=(e=s[r]).getAttribute(\"data-secret\"))||(t=Math.random().toString(36).substring(2,12),e.src+=\"#?secret=\"+t,e.setAttribute(\"data-secret\",t)),e.contentWindow.postMessage({message:\"ready\",secret:t},\"*\")},!1)))}(window,document);\n\/* ]]> *\/\n<\/script>\n","description":"O Estado de S. Paulo\/The New York Times &nbsp; A ind\u00fastria automotiva vive um per\u00edodo assustador. O motor a combust\u00e3o interna sofre os ataques do el\u00e9trico. Ter um autom\u00f3vel est\u00e1 se tornando opcional na era do Uber. No mundo inteiro, as autoridades reguladoras multam as companhias que n\u00e3o empreendem esfor\u00e7os suficientes para reduzir as emiss\u00f5es\u2026 Leia mais \u00bb"}

Tempos difíceis aguardam as grandes montadoras - Canal Dana

<blockquote class="wp-embedded-content" data-secret="azmBiHZvOr"><a href="https://dana.com.br/canaldana/2019/06/17/tempos-dificeis-aguardam-as-grandes-montadoras/">Tempos difíceis aguardam as grandes montadoras</a></blockquote><iframe sandbox="allow-scripts" security="restricted" src="https://dana.com.br/canaldana/2019/06/17/tempos-dificeis-aguardam-as-grandes-montadoras/embed/#?secret=azmBiHZvOr" width="600" height="338" title="&#8220;Tempos difíceis aguardam as grandes montadoras&#8221; &#8212; Canal Dana" data-secret="azmBiHZvOr" frameborder="0" marginwidth="0" marginheight="0" scrolling="no" class="wp-embedded-content"></iframe><script type="text/javascript">
/* <![CDATA[ */
/*! This file is auto-generated */
!function(d,l){"use strict";l.querySelector&&d.addEventListener&&"undefined"!=typeof URL&&(d.wp=d.wp||{},d.wp.receiveEmbedMessage||(d.wp.receiveEmbedMessage=function(e){var t=e.data;if((t||t.secret||t.message||t.value)&&!/[^a-zA-Z0-9]/.test(t.secret)){for(var s,r,n,a=l.querySelectorAll('iframe[data-secret="'+t.secret+'"]'),o=l.querySelectorAll('blockquote[data-secret="'+t.secret+'"]'),c=new RegExp("^https?:$","i"),i=0;i<o.length;i++)o[i].style.display="none";for(i=0;i<a.length;i++)s=a[i],e.source===s.contentWindow&&(s.removeAttribute("style"),"height"===t.message?(1e3<(r=parseInt(t.value,10))?r=1e3:~~r<200&&(r=200),s.height=r):"link"===t.message&&(r=new URL(s.getAttribute("src")),n=new URL(t.value),c.test(n.protocol))&&n.host===r.host&&l.activeElement===s&&(d.top.location.href=t.value))}},d.addEventListener("message",d.wp.receiveEmbedMessage,!1),l.addEventListener("DOMContentLoaded",function(){for(var e,t,s=l.querySelectorAll("iframe.wp-embedded-content"),r=0;r<s.length;r++)(t=(e=s[r]).getAttribute("data-secret"))||(t=Math.random().toString(36).substring(2,12),e.src+="#?secret="+t,e.setAttribute("data-secret",t)),e.contentWindow.postMessage({message:"ready",secret:t},"*")},!1)))}(window,document);
/* ]]> */
</script>

O Estado de S. Paulo/The New York Times &nbsp; A indústria automotiva vive um período assustador. O motor a combustão interna sofre os ataques do elétrico. Ter um automóvel está se tornando opcional na era do Uber. No mundo inteiro, as autoridades reguladoras multam as companhias que não empreendem esforços suficientes para reduzir as emissões… Leia mais »
