{"version":"1.0","provider_name":"Canal Dana","provider_url":"https:\/\/dana.com.br\/canaldana","author_name":"Canal Dana","author_url":"https:\/\/dana.com.br\/canaldana\/author\/cdeditor\/","title":"Renault duplicar\u00e1 produ\u00e7\u00e3o do el\u00e9trico Zoe na Europa - Canal Dana","type":"rich","width":600,"height":338,"html":"<blockquote class=\"wp-embedded-content\" data-secret=\"qDUGfvRBj6\"><a href=\"https:\/\/dana.com.br\/canaldana\/2018\/07\/12\/renault-duplicara-producao-do-eletrico-zoe-na-europa\/\">Renault duplicar\u00e1 produ\u00e7\u00e3o do el\u00e9trico Zoe na Europa<\/a><\/blockquote><iframe sandbox=\"allow-scripts\" security=\"restricted\" src=\"https:\/\/dana.com.br\/canaldana\/2018\/07\/12\/renault-duplicara-producao-do-eletrico-zoe-na-europa\/embed\/#?secret=qDUGfvRBj6\" width=\"600\" height=\"338\" title=\"&#8220;Renault duplicar\u00e1 produ\u00e7\u00e3o do el\u00e9trico Zoe na Europa&#8221; &#8212; Canal Dana\" data-secret=\"qDUGfvRBj6\" frameborder=\"0\" marginwidth=\"0\" marginheight=\"0\" scrolling=\"no\" class=\"wp-embedded-content\"><\/iframe><script type=\"text\/javascript\">\n\/* <![CDATA[ *\/\n\/*! This file is auto-generated *\/\n!function(d,l){\"use strict\";l.querySelector&&d.addEventListener&&\"undefined\"!=typeof URL&&(d.wp=d.wp||{},d.wp.receiveEmbedMessage||(d.wp.receiveEmbedMessage=function(e){var t=e.data;if((t||t.secret||t.message||t.value)&&!\/[^a-zA-Z0-9]\/.test(t.secret)){for(var s,r,n,a=l.querySelectorAll('iframe[data-secret=\"'+t.secret+'\"]'),o=l.querySelectorAll('blockquote[data-secret=\"'+t.secret+'\"]'),c=new RegExp(\"^https?:$\",\"i\"),i=0;i<o.length;i++)o[i].style.display=\"none\";for(i=0;i<a.length;i++)s=a[i],e.source===s.contentWindow&&(s.removeAttribute(\"style\"),\"height\"===t.message?(1e3<(r=parseInt(t.value,10))?r=1e3:~~r<200&&(r=200),s.height=r):\"link\"===t.message&&(r=new URL(s.getAttribute(\"src\")),n=new URL(t.value),c.test(n.protocol))&&n.host===r.host&&l.activeElement===s&&(d.top.location.href=t.value))}},d.addEventListener(\"message\",d.wp.receiveEmbedMessage,!1),l.addEventListener(\"DOMContentLoaded\",function(){for(var e,t,s=l.querySelectorAll(\"iframe.wp-embedded-content\"),r=0;r<s.length;r++)(t=(e=s[r]).getAttribute(\"data-secret\"))||(t=Math.random().toString(36).substring(2,12),e.src+=\"#?secret=\"+t,e.setAttribute(\"data-secret\",t)),e.contentWindow.postMessage({message:\"ready\",secret:t},\"*\")},!1)))}(window,document);\n\/* ]]> *\/\n<\/script>\n","description":"AutoInd\u00fastria &nbsp; A Alian\u00e7a Renault-Nissan-Mitsubishi est\u00e1, indiscutivelmente, entre os conglomerados automotivos globais que mais se esfor\u00e7am para saltar \u00e0 frente na eletrifica\u00e7\u00e3o de seus produtos. Enquanto, por raz\u00f5es \u00f3bvias, na \u00c1sia essa atribui\u00e7\u00e3o fica claramente a cargo da Nissan, na Europa \u00e9 a Renault que est\u00e1 \u00e0 frente do processo. &nbsp; N\u00e3o de hoje a\u2026 Leia mais \u00bb"}

Renault duplicará produção do elétrico Zoe na Europa - Canal Dana

<blockquote class="wp-embedded-content" data-secret="qDUGfvRBj6"><a href="https://dana.com.br/canaldana/2018/07/12/renault-duplicara-producao-do-eletrico-zoe-na-europa/">Renault duplicará produção do elétrico Zoe na Europa</a></blockquote><iframe sandbox="allow-scripts" security="restricted" src="https://dana.com.br/canaldana/2018/07/12/renault-duplicara-producao-do-eletrico-zoe-na-europa/embed/#?secret=qDUGfvRBj6" width="600" height="338" title="&#8220;Renault duplicará produção do elétrico Zoe na Europa&#8221; &#8212; Canal Dana" data-secret="qDUGfvRBj6" frameborder="0" marginwidth="0" marginheight="0" scrolling="no" class="wp-embedded-content"></iframe><script type="text/javascript">
/* <![CDATA[ */
/*! This file is auto-generated */
!function(d,l){"use strict";l.querySelector&&d.addEventListener&&"undefined"!=typeof URL&&(d.wp=d.wp||{},d.wp.receiveEmbedMessage||(d.wp.receiveEmbedMessage=function(e){var t=e.data;if((t||t.secret||t.message||t.value)&&!/[^a-zA-Z0-9]/.test(t.secret)){for(var s,r,n,a=l.querySelectorAll('iframe[data-secret="'+t.secret+'"]'),o=l.querySelectorAll('blockquote[data-secret="'+t.secret+'"]'),c=new RegExp("^https?:$","i"),i=0;i<o.length;i++)o[i].style.display="none";for(i=0;i<a.length;i++)s=a[i],e.source===s.contentWindow&&(s.removeAttribute("style"),"height"===t.message?(1e3<(r=parseInt(t.value,10))?r=1e3:~~r<200&&(r=200),s.height=r):"link"===t.message&&(r=new URL(s.getAttribute("src")),n=new URL(t.value),c.test(n.protocol))&&n.host===r.host&&l.activeElement===s&&(d.top.location.href=t.value))}},d.addEventListener("message",d.wp.receiveEmbedMessage,!1),l.addEventListener("DOMContentLoaded",function(){for(var e,t,s=l.querySelectorAll("iframe.wp-embedded-content"),r=0;r<s.length;r++)(t=(e=s[r]).getAttribute("data-secret"))||(t=Math.random().toString(36).substring(2,12),e.src+="#?secret="+t,e.setAttribute("data-secret",t)),e.contentWindow.postMessage({message:"ready",secret:t},"*")},!1)))}(window,document);
/* ]]> */
</script>

AutoIndústria &nbsp; A Aliança Renault-Nissan-Mitsubishi está, indiscutivelmente, entre os conglomerados automotivos globais que mais se esforçam para saltar à frente na eletrificação de seus produtos. Enquanto, por razões óbvias, na Ásia essa atribuição fica claramente a cargo da Nissan, na Europa é a Renault que está à frente do processo. &nbsp; Não de hoje a… Leia mais »
