{"version":"1.0","provider_name":"Canal Dana","provider_url":"https:\/\/dana.com.br\/canaldana","author_name":"Canal Dana","author_url":"https:\/\/dana.com.br\/canaldana\/author\/cdeditor\/","title":"A vez dos ve\u00edculos el\u00e9tricos no transporte urbano - Canal Dana","type":"rich","width":600,"height":338,"html":"<blockquote class=\"wp-embedded-content\" data-secret=\"m7MXBJzj9O\"><a href=\"https:\/\/dana.com.br\/canaldana\/2018\/06\/26\/a-vez-dos-veiculos-eletricos-no-transporte-urbano\/\">A vez dos ve\u00edculos el\u00e9tricos no transporte urbano<\/a><\/blockquote><iframe sandbox=\"allow-scripts\" security=\"restricted\" src=\"https:\/\/dana.com.br\/canaldana\/2018\/06\/26\/a-vez-dos-veiculos-eletricos-no-transporte-urbano\/embed\/#?secret=m7MXBJzj9O\" width=\"600\" height=\"338\" title=\"&#8220;A vez dos ve\u00edculos el\u00e9tricos no transporte urbano&#8221; &#8212; Canal Dana\" data-secret=\"m7MXBJzj9O\" frameborder=\"0\" marginwidth=\"0\" marginheight=\"0\" scrolling=\"no\" class=\"wp-embedded-content\"><\/iframe><script type=\"text\/javascript\">\n\/* <![CDATA[ *\/\n\/*! This file is auto-generated *\/\n!function(d,l){\"use strict\";l.querySelector&&d.addEventListener&&\"undefined\"!=typeof URL&&(d.wp=d.wp||{},d.wp.receiveEmbedMessage||(d.wp.receiveEmbedMessage=function(e){var t=e.data;if((t||t.secret||t.message||t.value)&&!\/[^a-zA-Z0-9]\/.test(t.secret)){for(var s,r,n,a=l.querySelectorAll('iframe[data-secret=\"'+t.secret+'\"]'),o=l.querySelectorAll('blockquote[data-secret=\"'+t.secret+'\"]'),c=new RegExp(\"^https?:$\",\"i\"),i=0;i<o.length;i++)o[i].style.display=\"none\";for(i=0;i<a.length;i++)s=a[i],e.source===s.contentWindow&&(s.removeAttribute(\"style\"),\"height\"===t.message?(1e3<(r=parseInt(t.value,10))?r=1e3:~~r<200&&(r=200),s.height=r):\"link\"===t.message&&(r=new URL(s.getAttribute(\"src\")),n=new URL(t.value),c.test(n.protocol))&&n.host===r.host&&l.activeElement===s&&(d.top.location.href=t.value))}},d.addEventListener(\"message\",d.wp.receiveEmbedMessage,!1),l.addEventListener(\"DOMContentLoaded\",function(){for(var e,t,s=l.querySelectorAll(\"iframe.wp-embedded-content\"),r=0;r<s.length;r++)(t=(e=s[r]).getAttribute(\"data-secret\"))||(t=Math.random().toString(36).substring(2,12),e.src+=\"#?secret=\"+t,e.setAttribute(\"data-secret\",t)),e.contentWindow.postMessage({message:\"ready\",secret:t},\"*\")},!1)))}(window,document);\n\/* ]]> *\/\n<\/script>\n","description":"O Estado de S. Paulo\u00a0\u00a0 &nbsp; As ruas de Pequim est\u00e3o cheias de ve\u00edculos de duas rodas. Alguns parecem motos convencionais, movidas a gasolina. Quando passam direto pelos sem\u00e1foros vermelhos, seu sil\u00eancio revela que s\u00e3o ve\u00edculos el\u00e9tricos. Executivos de ternos se locomovem por a\u00ed como se fossem crian\u00e7as rumo \u00e0 escola, cheias de entusiasmo. S\u00e3o\u2026 Leia mais \u00bb"}

A vez dos veículos elétricos no transporte urbano - Canal Dana

<blockquote class="wp-embedded-content" data-secret="m7MXBJzj9O"><a href="https://dana.com.br/canaldana/2018/06/26/a-vez-dos-veiculos-eletricos-no-transporte-urbano/">A vez dos veículos elétricos no transporte urbano</a></blockquote><iframe sandbox="allow-scripts" security="restricted" src="https://dana.com.br/canaldana/2018/06/26/a-vez-dos-veiculos-eletricos-no-transporte-urbano/embed/#?secret=m7MXBJzj9O" width="600" height="338" title="&#8220;A vez dos veículos elétricos no transporte urbano&#8221; &#8212; Canal Dana" data-secret="m7MXBJzj9O" frameborder="0" marginwidth="0" marginheight="0" scrolling="no" class="wp-embedded-content"></iframe><script type="text/javascript">
/* <![CDATA[ */
/*! This file is auto-generated */
!function(d,l){"use strict";l.querySelector&&d.addEventListener&&"undefined"!=typeof URL&&(d.wp=d.wp||{},d.wp.receiveEmbedMessage||(d.wp.receiveEmbedMessage=function(e){var t=e.data;if((t||t.secret||t.message||t.value)&&!/[^a-zA-Z0-9]/.test(t.secret)){for(var s,r,n,a=l.querySelectorAll('iframe[data-secret="'+t.secret+'"]'),o=l.querySelectorAll('blockquote[data-secret="'+t.secret+'"]'),c=new RegExp("^https?:$","i"),i=0;i<o.length;i++)o[i].style.display="none";for(i=0;i<a.length;i++)s=a[i],e.source===s.contentWindow&&(s.removeAttribute("style"),"height"===t.message?(1e3<(r=parseInt(t.value,10))?r=1e3:~~r<200&&(r=200),s.height=r):"link"===t.message&&(r=new URL(s.getAttribute("src")),n=new URL(t.value),c.test(n.protocol))&&n.host===r.host&&l.activeElement===s&&(d.top.location.href=t.value))}},d.addEventListener("message",d.wp.receiveEmbedMessage,!1),l.addEventListener("DOMContentLoaded",function(){for(var e,t,s=l.querySelectorAll("iframe.wp-embedded-content"),r=0;r<s.length;r++)(t=(e=s[r]).getAttribute("data-secret"))||(t=Math.random().toString(36).substring(2,12),e.src+="#?secret="+t,e.setAttribute("data-secret",t)),e.contentWindow.postMessage({message:"ready",secret:t},"*")},!1)))}(window,document);
/* ]]> */
</script>

O Estado de S. Paulo   &nbsp; As ruas de Pequim estão cheias de veículos de duas rodas. Alguns parecem motos convencionais, movidas a gasolina. Quando passam direto pelos semáforos vermelhos, seu silêncio revela que são veículos elétricos. Executivos de ternos se locomovem por aí como se fossem crianças rumo à escola, cheias de entusiasmo. São… Leia mais »
