{"version":"1.0","provider_name":"Canal Dana","provider_url":"https:\/\/dana.com.br\/canaldana","author_name":"Canal Dana","author_url":"https:\/\/dana.com.br\/canaldana\/author\/cdeditor\/","title":"Quinzena tem m\u00e9dia di\u00e1ria de 8,9 mil ve\u00edculos - Canal Dana","type":"rich","width":600,"height":338,"html":"<blockquote class=\"wp-embedded-content\" data-secret=\"fKIm9eupnn\"><a href=\"https:\/\/dana.com.br\/canaldana\/2018\/06\/19\/quinzena-tem-media-diaria-de-89-mil-veiculos\/\">Quinzena tem m\u00e9dia di\u00e1ria de 8,9 mil ve\u00edculos<\/a><\/blockquote><iframe sandbox=\"allow-scripts\" security=\"restricted\" src=\"https:\/\/dana.com.br\/canaldana\/2018\/06\/19\/quinzena-tem-media-diaria-de-89-mil-veiculos\/embed\/#?secret=fKIm9eupnn\" width=\"600\" height=\"338\" title=\"&#8220;Quinzena tem m\u00e9dia di\u00e1ria de 8,9 mil ve\u00edculos&#8221; &#8212; Canal Dana\" data-secret=\"fKIm9eupnn\" frameborder=\"0\" marginwidth=\"0\" marginheight=\"0\" scrolling=\"no\" class=\"wp-embedded-content\"><\/iframe><script type=\"text\/javascript\">\n\/* <![CDATA[ *\/\n\/*! This file is auto-generated *\/\n!function(d,l){\"use strict\";l.querySelector&&d.addEventListener&&\"undefined\"!=typeof URL&&(d.wp=d.wp||{},d.wp.receiveEmbedMessage||(d.wp.receiveEmbedMessage=function(e){var t=e.data;if((t||t.secret||t.message||t.value)&&!\/[^a-zA-Z0-9]\/.test(t.secret)){for(var s,r,n,a=l.querySelectorAll('iframe[data-secret=\"'+t.secret+'\"]'),o=l.querySelectorAll('blockquote[data-secret=\"'+t.secret+'\"]'),c=new RegExp(\"^https?:$\",\"i\"),i=0;i<o.length;i++)o[i].style.display=\"none\";for(i=0;i<a.length;i++)s=a[i],e.source===s.contentWindow&&(s.removeAttribute(\"style\"),\"height\"===t.message?(1e3<(r=parseInt(t.value,10))?r=1e3:~~r<200&&(r=200),s.height=r):\"link\"===t.message&&(r=new URL(s.getAttribute(\"src\")),n=new URL(t.value),c.test(n.protocol))&&n.host===r.host&&l.activeElement===s&&(d.top.location.href=t.value))}},d.addEventListener(\"message\",d.wp.receiveEmbedMessage,!1),l.addEventListener(\"DOMContentLoaded\",function(){for(var e,t,s=l.querySelectorAll(\"iframe.wp-embedded-content\"),r=0;r<s.length;r++)(t=(e=s[r]).getAttribute(\"data-secret\"))||(t=Math.random().toString(36).substring(2,12),e.src+=\"#?secret=\"+t,e.setAttribute(\"data-secret\",t)),e.contentWindow.postMessage({message:\"ready\",secret:t},\"*\")},!1)))}(window,document);\n\/* ]]> *\/\n<\/script>\n","description":"AutoInd\u00fastria &nbsp; Como j\u00e1 era esperado pela Anfavea, junho iniciou com vendas abaixo das registradas no come\u00e7o de maio, reflexo da greve dos caminhoneiros que deixou as redes desabastecidas na virada do m\u00eas. Al\u00e9m disso, teve a comemora\u00e7\u00e3o de Corpus Christi no dia 31 de maio, que afetou o movimento da sexta-feira, 1, por ser\u2026 Leia mais \u00bb"}

Quinzena tem média diária de 8,9 mil veículos - Canal Dana

<blockquote class="wp-embedded-content" data-secret="fKIm9eupnn"><a href="https://dana.com.br/canaldana/2018/06/19/quinzena-tem-media-diaria-de-89-mil-veiculos/">Quinzena tem média diária de 8,9 mil veículos</a></blockquote><iframe sandbox="allow-scripts" security="restricted" src="https://dana.com.br/canaldana/2018/06/19/quinzena-tem-media-diaria-de-89-mil-veiculos/embed/#?secret=fKIm9eupnn" width="600" height="338" title="&#8220;Quinzena tem média diária de 8,9 mil veículos&#8221; &#8212; Canal Dana" data-secret="fKIm9eupnn" frameborder="0" marginwidth="0" marginheight="0" scrolling="no" class="wp-embedded-content"></iframe><script type="text/javascript">
/* <![CDATA[ */
/*! This file is auto-generated */
!function(d,l){"use strict";l.querySelector&&d.addEventListener&&"undefined"!=typeof URL&&(d.wp=d.wp||{},d.wp.receiveEmbedMessage||(d.wp.receiveEmbedMessage=function(e){var t=e.data;if((t||t.secret||t.message||t.value)&&!/[^a-zA-Z0-9]/.test(t.secret)){for(var s,r,n,a=l.querySelectorAll('iframe[data-secret="'+t.secret+'"]'),o=l.querySelectorAll('blockquote[data-secret="'+t.secret+'"]'),c=new RegExp("^https?:$","i"),i=0;i<o.length;i++)o[i].style.display="none";for(i=0;i<a.length;i++)s=a[i],e.source===s.contentWindow&&(s.removeAttribute("style"),"height"===t.message?(1e3<(r=parseInt(t.value,10))?r=1e3:~~r<200&&(r=200),s.height=r):"link"===t.message&&(r=new URL(s.getAttribute("src")),n=new URL(t.value),c.test(n.protocol))&&n.host===r.host&&l.activeElement===s&&(d.top.location.href=t.value))}},d.addEventListener("message",d.wp.receiveEmbedMessage,!1),l.addEventListener("DOMContentLoaded",function(){for(var e,t,s=l.querySelectorAll("iframe.wp-embedded-content"),r=0;r<s.length;r++)(t=(e=s[r]).getAttribute("data-secret"))||(t=Math.random().toString(36).substring(2,12),e.src+="#?secret="+t,e.setAttribute("data-secret",t)),e.contentWindow.postMessage({message:"ready",secret:t},"*")},!1)))}(window,document);
/* ]]> */
</script>

AutoIndústria &nbsp; Como já era esperado pela Anfavea, junho iniciou com vendas abaixo das registradas no começo de maio, reflexo da greve dos caminhoneiros que deixou as redes desabastecidas na virada do mês. Além disso, teve a comemoração de Corpus Christi no dia 31 de maio, que afetou o movimento da sexta-feira, 1, por ser… Leia mais »
