{"version":"1.0","provider_name":"Canal Dana","provider_url":"https:\/\/dana.com.br\/canaldana","author_name":"Canal Dana","author_url":"https:\/\/dana.com.br\/canaldana\/author\/cdeditor\/","title":"Funcion\u00e1rios trabalham em pleno feriado em montadoras - Canal Dana","type":"rich","width":600,"height":338,"html":"<blockquote class=\"wp-embedded-content\" data-secret=\"UZPUJ5oyLB\"><a href=\"https:\/\/dana.com.br\/canaldana\/2018\/06\/01\/funcionarios-trabalham-em-pleno-feriado-em-montadoras\/\">Funcion\u00e1rios trabalham em pleno feriado em montadoras<\/a><\/blockquote><iframe sandbox=\"allow-scripts\" security=\"restricted\" src=\"https:\/\/dana.com.br\/canaldana\/2018\/06\/01\/funcionarios-trabalham-em-pleno-feriado-em-montadoras\/embed\/#?secret=UZPUJ5oyLB\" width=\"600\" height=\"338\" title=\"&#8220;Funcion\u00e1rios trabalham em pleno feriado em montadoras&#8221; &#8212; Canal Dana\" data-secret=\"UZPUJ5oyLB\" frameborder=\"0\" marginwidth=\"0\" marginheight=\"0\" scrolling=\"no\" class=\"wp-embedded-content\"><\/iframe><script type=\"text\/javascript\">\n\/* <![CDATA[ *\/\n\/*! This file is auto-generated *\/\n!function(d,l){\"use strict\";l.querySelector&&d.addEventListener&&\"undefined\"!=typeof URL&&(d.wp=d.wp||{},d.wp.receiveEmbedMessage||(d.wp.receiveEmbedMessage=function(e){var t=e.data;if((t||t.secret||t.message||t.value)&&!\/[^a-zA-Z0-9]\/.test(t.secret)){for(var s,r,n,a=l.querySelectorAll('iframe[data-secret=\"'+t.secret+'\"]'),o=l.querySelectorAll('blockquote[data-secret=\"'+t.secret+'\"]'),c=new RegExp(\"^https?:$\",\"i\"),i=0;i<o.length;i++)o[i].style.display=\"none\";for(i=0;i<a.length;i++)s=a[i],e.source===s.contentWindow&&(s.removeAttribute(\"style\"),\"height\"===t.message?(1e3<(r=parseInt(t.value,10))?r=1e3:~~r<200&&(r=200),s.height=r):\"link\"===t.message&&(r=new URL(s.getAttribute(\"src\")),n=new URL(t.value),c.test(n.protocol))&&n.host===r.host&&l.activeElement===s&&(d.top.location.href=t.value))}},d.addEventListener(\"message\",d.wp.receiveEmbedMessage,!1),l.addEventListener(\"DOMContentLoaded\",function(){for(var e,t,s=l.querySelectorAll(\"iframe.wp-embedded-content\"),r=0;r<s.length;r++)(t=(e=s[r]).getAttribute(\"data-secret\"))||(t=Math.random().toString(36).substring(2,12),e.src+=\"#?secret=\"+t,e.setAttribute(\"data-secret\",t)),e.contentWindow.postMessage({message:\"ready\",secret:t},\"*\")},!1)))}(window,document);\n\/* ]]> *\/\n<\/script>\n","description":"Portal G1\/Jornal Nacional \u00a0 Mesmo sendo feriado de Corpus Christi, ind\u00fastrias aproveitaram para voltar a produzir. O objetivo era recuperar os dias perdidos durante a greve dos caminhoneiros. \u00a0 Dia de muito trabalho numa ind\u00fastria de autope\u00e7as em Contagem, na Regi\u00e3o Metropolitana de Belo Horizonte. As dez f\u00e1bricas deste grupo, em quatro estados, tinham reduzido\u2026 Leia mais \u00bb"}

Funcionários trabalham em pleno feriado em montadoras - Canal Dana

<blockquote class="wp-embedded-content" data-secret="UZPUJ5oyLB"><a href="https://dana.com.br/canaldana/2018/06/01/funcionarios-trabalham-em-pleno-feriado-em-montadoras/">Funcionários trabalham em pleno feriado em montadoras</a></blockquote><iframe sandbox="allow-scripts" security="restricted" src="https://dana.com.br/canaldana/2018/06/01/funcionarios-trabalham-em-pleno-feriado-em-montadoras/embed/#?secret=UZPUJ5oyLB" width="600" height="338" title="&#8220;Funcionários trabalham em pleno feriado em montadoras&#8221; &#8212; Canal Dana" data-secret="UZPUJ5oyLB" frameborder="0" marginwidth="0" marginheight="0" scrolling="no" class="wp-embedded-content"></iframe><script type="text/javascript">
/* <![CDATA[ */
/*! This file is auto-generated */
!function(d,l){"use strict";l.querySelector&&d.addEventListener&&"undefined"!=typeof URL&&(d.wp=d.wp||{},d.wp.receiveEmbedMessage||(d.wp.receiveEmbedMessage=function(e){var t=e.data;if((t||t.secret||t.message||t.value)&&!/[^a-zA-Z0-9]/.test(t.secret)){for(var s,r,n,a=l.querySelectorAll('iframe[data-secret="'+t.secret+'"]'),o=l.querySelectorAll('blockquote[data-secret="'+t.secret+'"]'),c=new RegExp("^https?:$","i"),i=0;i<o.length;i++)o[i].style.display="none";for(i=0;i<a.length;i++)s=a[i],e.source===s.contentWindow&&(s.removeAttribute("style"),"height"===t.message?(1e3<(r=parseInt(t.value,10))?r=1e3:~~r<200&&(r=200),s.height=r):"link"===t.message&&(r=new URL(s.getAttribute("src")),n=new URL(t.value),c.test(n.protocol))&&n.host===r.host&&l.activeElement===s&&(d.top.location.href=t.value))}},d.addEventListener("message",d.wp.receiveEmbedMessage,!1),l.addEventListener("DOMContentLoaded",function(){for(var e,t,s=l.querySelectorAll("iframe.wp-embedded-content"),r=0;r<s.length;r++)(t=(e=s[r]).getAttribute("data-secret"))||(t=Math.random().toString(36).substring(2,12),e.src+="#?secret="+t,e.setAttribute("data-secret",t)),e.contentWindow.postMessage({message:"ready",secret:t},"*")},!1)))}(window,document);
/* ]]> */
</script>

Portal G1/Jornal Nacional   Mesmo sendo feriado de Corpus Christi, indústrias aproveitaram para voltar a produzir. O objetivo era recuperar os dias perdidos durante a greve dos caminhoneiros.   Dia de muito trabalho numa indústria de autopeças em Contagem, na Região Metropolitana de Belo Horizonte. As dez fábricas deste grupo, em quatro estados, tinham reduzido… Leia mais »
