{"version":"1.0","provider_name":"Canal Dana","provider_url":"https:\/\/dana.com.br\/canaldana","author_name":"Canal Dana","author_url":"https:\/\/dana.com.br\/canaldana\/author\/cdeditor\/","title":"Carros com as maiores quedas de vendas - Canal Dana","type":"rich","width":600,"height":338,"html":"<blockquote class=\"wp-embedded-content\" data-secret=\"9rGl2aMcO4\"><a href=\"https:\/\/dana.com.br\/canaldana\/2018\/06\/01\/carros-com-as-maiores-quedas-de-vendas\/\">Carros com as maiores quedas de vendas<\/a><\/blockquote><iframe sandbox=\"allow-scripts\" security=\"restricted\" src=\"https:\/\/dana.com.br\/canaldana\/2018\/06\/01\/carros-com-as-maiores-quedas-de-vendas\/embed\/#?secret=9rGl2aMcO4\" width=\"600\" height=\"338\" title=\"&#8220;Carros com as maiores quedas de vendas&#8221; &#8212; Canal Dana\" data-secret=\"9rGl2aMcO4\" frameborder=\"0\" marginwidth=\"0\" marginheight=\"0\" scrolling=\"no\" class=\"wp-embedded-content\"><\/iframe><script type=\"text\/javascript\">\n\/* <![CDATA[ *\/\n\/*! This file is auto-generated *\/\n!function(d,l){\"use strict\";l.querySelector&&d.addEventListener&&\"undefined\"!=typeof URL&&(d.wp=d.wp||{},d.wp.receiveEmbedMessage||(d.wp.receiveEmbedMessage=function(e){var t=e.data;if((t||t.secret||t.message||t.value)&&!\/[^a-zA-Z0-9]\/.test(t.secret)){for(var s,r,n,a=l.querySelectorAll('iframe[data-secret=\"'+t.secret+'\"]'),o=l.querySelectorAll('blockquote[data-secret=\"'+t.secret+'\"]'),c=new RegExp(\"^https?:$\",\"i\"),i=0;i<o.length;i++)o[i].style.display=\"none\";for(i=0;i<a.length;i++)s=a[i],e.source===s.contentWindow&&(s.removeAttribute(\"style\"),\"height\"===t.message?(1e3<(r=parseInt(t.value,10))?r=1e3:~~r<200&&(r=200),s.height=r):\"link\"===t.message&&(r=new URL(s.getAttribute(\"src\")),n=new URL(t.value),c.test(n.protocol))&&n.host===r.host&&l.activeElement===s&&(d.top.location.href=t.value))}},d.addEventListener(\"message\",d.wp.receiveEmbedMessage,!1),l.addEventListener(\"DOMContentLoaded\",function(){for(var e,t,s=l.querySelectorAll(\"iframe.wp-embedded-content\"),r=0;r<s.length;r++)(t=(e=s[r]).getAttribute(\"data-secret\"))||(t=Math.random().toString(36).substring(2,12),e.src+=\"#?secret=\"+t,e.setAttribute(\"data-secret\",t)),e.contentWindow.postMessage({message:\"ready\",secret:t},\"*\")},!1)))}(window,document);\n\/* ]]> *\/\n<\/script>\n","description":"Jornal do Carro \u00a0 As vendas de carros dever\u00e3o sofrer queda no m\u00eas de maio, na compara\u00e7\u00e3o com abril. \u00c9 o que indicam os resultados pr\u00e9vios de emplacamentos dos 20 modelos mais comercializados do Pa\u00eds. Desse grupo, 15 ve\u00edculos devem registrar redu\u00e7\u00e3o nas vendas. As maiores quedas estimadas s\u00e3o para Sandero, Kwid e sed\u00e3 Prisma.\u2026 Leia mais \u00bb"}

Jornal do Carro   As vendas de carros deverão sofrer queda no mês de maio, na comparação com abril. É o que indicam os resultados prévios de emplacamentos dos 20 modelos mais comercializados do País. Desse grupo, 15 veículos devem registrar redução nas vendas. As maiores quedas estimadas são para Sandero, Kwid e sedã Prisma.… Leia mais »
