{"version":"1.0","provider_name":"Canal Dana","provider_url":"https:\/\/dana.com.br\/canaldana","author_name":"Canal Dana","author_url":"https:\/\/dana.com.br\/canaldana\/author\/cdeditor\/","title":"Suspens\u00e3o da inspe\u00e7\u00e3o veicular preocupa a Anfavea - Canal Dana","type":"rich","width":600,"height":338,"html":"<blockquote class=\"wp-embedded-content\" data-secret=\"CVPO1z2LRe\"><a href=\"https:\/\/dana.com.br\/canaldana\/2018\/04\/10\/suspensao-da-inspecao-veicular-preocupa-anfavea\/\">Suspens\u00e3o da inspe\u00e7\u00e3o veicular preocupa a Anfavea<\/a><\/blockquote><iframe sandbox=\"allow-scripts\" security=\"restricted\" src=\"https:\/\/dana.com.br\/canaldana\/2018\/04\/10\/suspensao-da-inspecao-veicular-preocupa-anfavea\/embed\/#?secret=CVPO1z2LRe\" width=\"600\" height=\"338\" title=\"&#8220;Suspens\u00e3o da inspe\u00e7\u00e3o veicular preocupa a Anfavea&#8221; &#8212; Canal Dana\" data-secret=\"CVPO1z2LRe\" frameborder=\"0\" marginwidth=\"0\" marginheight=\"0\" scrolling=\"no\" class=\"wp-embedded-content\"><\/iframe><script type=\"text\/javascript\">\n\/* <![CDATA[ *\/\n\/*! This file is auto-generated *\/\n!function(d,l){\"use strict\";l.querySelector&&d.addEventListener&&\"undefined\"!=typeof URL&&(d.wp=d.wp||{},d.wp.receiveEmbedMessage||(d.wp.receiveEmbedMessage=function(e){var t=e.data;if((t||t.secret||t.message||t.value)&&!\/[^a-zA-Z0-9]\/.test(t.secret)){for(var s,r,n,a=l.querySelectorAll('iframe[data-secret=\"'+t.secret+'\"]'),o=l.querySelectorAll('blockquote[data-secret=\"'+t.secret+'\"]'),c=new RegExp(\"^https?:$\",\"i\"),i=0;i<o.length;i++)o[i].style.display=\"none\";for(i=0;i<a.length;i++)s=a[i],e.source===s.contentWindow&&(s.removeAttribute(\"style\"),\"height\"===t.message?(1e3<(r=parseInt(t.value,10))?r=1e3:~~r<200&&(r=200),s.height=r):\"link\"===t.message&&(r=new URL(s.getAttribute(\"src\")),n=new URL(t.value),c.test(n.protocol))&&n.host===r.host&&l.activeElement===s&&(d.top.location.href=t.value))}},d.addEventListener(\"message\",d.wp.receiveEmbedMessage,!1),l.addEventListener(\"DOMContentLoaded\",function(){for(var e,t,s=l.querySelectorAll(\"iframe.wp-embedded-content\"),r=0;r<s.length;r++)(t=(e=s[r]).getAttribute(\"data-secret\"))||(t=Math.random().toString(36).substring(2,12),e.src+=\"#?secret=\"+t,e.setAttribute(\"data-secret\",t)),e.contentWindow.postMessage({message:\"ready\",secret:t},\"*\")},!1)))}(window,document);\n\/* ]]> *\/\n<\/script>\n","description":"AutoInd\u00fastria &nbsp; A suspens\u00e3o da resolu\u00e7\u00e3o 716, que estabelecia a obrigatoriedade em n\u00edvel federal da inspe\u00e7\u00e3o t\u00e9cnica veicular at\u00e9 31 de dezembro de 2019, \u00e9 motivo de preocupa\u00e7\u00e3o no setor automotivo. \u201cVamos fazer tudo que estiver ao nosso alcance junto ao governo, seja o atual ou o pr\u00f3ximo, para reverter essa decis\u00e3o\u201d, diz o presidente\u2026 Leia mais \u00bb"}

Suspensão da inspeção veicular preocupa a Anfavea - Canal Dana

<blockquote class="wp-embedded-content" data-secret="CVPO1z2LRe"><a href="https://dana.com.br/canaldana/2018/04/10/suspensao-da-inspecao-veicular-preocupa-anfavea/">Suspensão da inspeção veicular preocupa a Anfavea</a></blockquote><iframe sandbox="allow-scripts" security="restricted" src="https://dana.com.br/canaldana/2018/04/10/suspensao-da-inspecao-veicular-preocupa-anfavea/embed/#?secret=CVPO1z2LRe" width="600" height="338" title="&#8220;Suspensão da inspeção veicular preocupa a Anfavea&#8221; &#8212; Canal Dana" data-secret="CVPO1z2LRe" frameborder="0" marginwidth="0" marginheight="0" scrolling="no" class="wp-embedded-content"></iframe><script type="text/javascript">
/* <![CDATA[ */
/*! This file is auto-generated */
!function(d,l){"use strict";l.querySelector&&d.addEventListener&&"undefined"!=typeof URL&&(d.wp=d.wp||{},d.wp.receiveEmbedMessage||(d.wp.receiveEmbedMessage=function(e){var t=e.data;if((t||t.secret||t.message||t.value)&&!/[^a-zA-Z0-9]/.test(t.secret)){for(var s,r,n,a=l.querySelectorAll('iframe[data-secret="'+t.secret+'"]'),o=l.querySelectorAll('blockquote[data-secret="'+t.secret+'"]'),c=new RegExp("^https?:$","i"),i=0;i<o.length;i++)o[i].style.display="none";for(i=0;i<a.length;i++)s=a[i],e.source===s.contentWindow&&(s.removeAttribute("style"),"height"===t.message?(1e3<(r=parseInt(t.value,10))?r=1e3:~~r<200&&(r=200),s.height=r):"link"===t.message&&(r=new URL(s.getAttribute("src")),n=new URL(t.value),c.test(n.protocol))&&n.host===r.host&&l.activeElement===s&&(d.top.location.href=t.value))}},d.addEventListener("message",d.wp.receiveEmbedMessage,!1),l.addEventListener("DOMContentLoaded",function(){for(var e,t,s=l.querySelectorAll("iframe.wp-embedded-content"),r=0;r<s.length;r++)(t=(e=s[r]).getAttribute("data-secret"))||(t=Math.random().toString(36).substring(2,12),e.src+="#?secret="+t,e.setAttribute("data-secret",t)),e.contentWindow.postMessage({message:"ready",secret:t},"*")},!1)))}(window,document);
/* ]]> */
</script>

AutoIndústria &nbsp; A suspensão da resolução 716, que estabelecia a obrigatoriedade em nível federal da inspeção técnica veicular até 31 de dezembro de 2019, é motivo de preocupação no setor automotivo. “Vamos fazer tudo que estiver ao nosso alcance junto ao governo, seja o atual ou o próximo, para reverter essa decisão”, diz o presidente… Leia mais »
