{"version":"1.0","provider_name":"Canal Dana","provider_url":"https:\/\/dana.com.br\/canaldana","author_name":"Canal Dana","author_url":"https:\/\/dana.com.br\/canaldana\/author\/cdeditor\/","title":"Venda de seminovos despenca neste in\u00edcio de ano - Canal Dana","type":"rich","width":600,"height":338,"html":"<blockquote class=\"wp-embedded-content\" data-secret=\"Mx9hVY09Kj\"><a href=\"https:\/\/dana.com.br\/canaldana\/2018\/03\/14\/venda-de-seminovos-despenca-neste-inicio-de-ano\/\">Venda de seminovos despenca neste in\u00edcio de ano<\/a><\/blockquote><iframe sandbox=\"allow-scripts\" security=\"restricted\" src=\"https:\/\/dana.com.br\/canaldana\/2018\/03\/14\/venda-de-seminovos-despenca-neste-inicio-de-ano\/embed\/#?secret=Mx9hVY09Kj\" width=\"600\" height=\"338\" title=\"&#8220;Venda de seminovos despenca neste in\u00edcio de ano&#8221; &#8212; Canal Dana\" data-secret=\"Mx9hVY09Kj\" frameborder=\"0\" marginwidth=\"0\" marginheight=\"0\" scrolling=\"no\" class=\"wp-embedded-content\"><\/iframe><script type=\"text\/javascript\">\n\/* <![CDATA[ *\/\n\/*! This file is auto-generated *\/\n!function(d,l){\"use strict\";l.querySelector&&d.addEventListener&&\"undefined\"!=typeof URL&&(d.wp=d.wp||{},d.wp.receiveEmbedMessage||(d.wp.receiveEmbedMessage=function(e){var t=e.data;if((t||t.secret||t.message||t.value)&&!\/[^a-zA-Z0-9]\/.test(t.secret)){for(var s,r,n,a=l.querySelectorAll('iframe[data-secret=\"'+t.secret+'\"]'),o=l.querySelectorAll('blockquote[data-secret=\"'+t.secret+'\"]'),c=new RegExp(\"^https?:$\",\"i\"),i=0;i<o.length;i++)o[i].style.display=\"none\";for(i=0;i<a.length;i++)s=a[i],e.source===s.contentWindow&&(s.removeAttribute(\"style\"),\"height\"===t.message?(1e3<(r=parseInt(t.value,10))?r=1e3:~~r<200&&(r=200),s.height=r):\"link\"===t.message&&(r=new URL(s.getAttribute(\"src\")),n=new URL(t.value),c.test(n.protocol))&&n.host===r.host&&l.activeElement===s&&(d.top.location.href=t.value))}},d.addEventListener(\"message\",d.wp.receiveEmbedMessage,!1),l.addEventListener(\"DOMContentLoaded\",function(){for(var e,t,s=l.querySelectorAll(\"iframe.wp-embedded-content\"),r=0;r<s.length;r++)(t=(e=s[r]).getAttribute(\"data-secret\"))||(t=Math.random().toString(36).substring(2,12),e.src+=\"#?secret=\"+t,e.setAttribute(\"data-secret\",t)),e.contentWindow.postMessage({message:\"ready\",secret:t},\"*\")},!1)))}(window,document);\n\/* ]]> *\/\n<\/script>\n","description":"AutoInd\u00fastria &nbsp; Apesar de seguir em alta, o mercado de ve\u00edculos usados apresenta um grande diferencial neste in\u00edcio de 2018. Os seminovos, aqueles com at\u00e9 tr\u00eas anos de uso, deixaram de ser as grandes vedetes dos neg\u00f3cios do setor. Suas vendas despencaram 50,5% no primeiro bimestre, enquanto as dos modelos com mais de quatro anos\u2026 Leia mais \u00bb"}

Venda de seminovos despenca neste início de ano - Canal Dana

<blockquote class="wp-embedded-content" data-secret="Mx9hVY09Kj"><a href="https://dana.com.br/canaldana/2018/03/14/venda-de-seminovos-despenca-neste-inicio-de-ano/">Venda de seminovos despenca neste início de ano</a></blockquote><iframe sandbox="allow-scripts" security="restricted" src="https://dana.com.br/canaldana/2018/03/14/venda-de-seminovos-despenca-neste-inicio-de-ano/embed/#?secret=Mx9hVY09Kj" width="600" height="338" title="&#8220;Venda de seminovos despenca neste início de ano&#8221; &#8212; Canal Dana" data-secret="Mx9hVY09Kj" frameborder="0" marginwidth="0" marginheight="0" scrolling="no" class="wp-embedded-content"></iframe><script type="text/javascript">
/* <![CDATA[ */
/*! This file is auto-generated */
!function(d,l){"use strict";l.querySelector&&d.addEventListener&&"undefined"!=typeof URL&&(d.wp=d.wp||{},d.wp.receiveEmbedMessage||(d.wp.receiveEmbedMessage=function(e){var t=e.data;if((t||t.secret||t.message||t.value)&&!/[^a-zA-Z0-9]/.test(t.secret)){for(var s,r,n,a=l.querySelectorAll('iframe[data-secret="'+t.secret+'"]'),o=l.querySelectorAll('blockquote[data-secret="'+t.secret+'"]'),c=new RegExp("^https?:$","i"),i=0;i<o.length;i++)o[i].style.display="none";for(i=0;i<a.length;i++)s=a[i],e.source===s.contentWindow&&(s.removeAttribute("style"),"height"===t.message?(1e3<(r=parseInt(t.value,10))?r=1e3:~~r<200&&(r=200),s.height=r):"link"===t.message&&(r=new URL(s.getAttribute("src")),n=new URL(t.value),c.test(n.protocol))&&n.host===r.host&&l.activeElement===s&&(d.top.location.href=t.value))}},d.addEventListener("message",d.wp.receiveEmbedMessage,!1),l.addEventListener("DOMContentLoaded",function(){for(var e,t,s=l.querySelectorAll("iframe.wp-embedded-content"),r=0;r<s.length;r++)(t=(e=s[r]).getAttribute("data-secret"))||(t=Math.random().toString(36).substring(2,12),e.src+="#?secret="+t,e.setAttribute("data-secret",t)),e.contentWindow.postMessage({message:"ready",secret:t},"*")},!1)))}(window,document);
/* ]]> */
</script>

AutoIndústria &nbsp; Apesar de seguir em alta, o mercado de veículos usados apresenta um grande diferencial neste início de 2018. Os seminovos, aqueles com até três anos de uso, deixaram de ser as grandes vedetes dos negócios do setor. Suas vendas despencaram 50,5% no primeiro bimestre, enquanto as dos modelos com mais de quatro anos… Leia mais »
