{"version":"1.0","provider_name":"Canal Dana","provider_url":"https:\/\/dana.com.br\/canaldana","author_name":"Canal Dana","author_url":"https:\/\/dana.com.br\/canaldana\/author\/cdeditor\/","title":"Carboni inaugura 10\u00aa concession\u00e1ria Iveco - Canal Dana","type":"rich","width":600,"height":338,"html":"<blockquote class=\"wp-embedded-content\" data-secret=\"R04fqZrKhZ\"><a href=\"https:\/\/dana.com.br\/canaldana\/2015\/12\/18\/carboni-inaugura-10a-concessionaria-iveco\/\">Carboni inaugura 10\u00aa concession\u00e1ria Iveco<\/a><\/blockquote><iframe sandbox=\"allow-scripts\" security=\"restricted\" src=\"https:\/\/dana.com.br\/canaldana\/2015\/12\/18\/carboni-inaugura-10a-concessionaria-iveco\/embed\/#?secret=R04fqZrKhZ\" width=\"600\" height=\"338\" title=\"&#8220;Carboni inaugura 10\u00aa concession\u00e1ria Iveco&#8221; &#8212; Canal Dana\" data-secret=\"R04fqZrKhZ\" frameborder=\"0\" marginwidth=\"0\" marginheight=\"0\" scrolling=\"no\" class=\"wp-embedded-content\"><\/iframe><script type=\"text\/javascript\">\n\/* <![CDATA[ *\/\n\/*! This file is auto-generated *\/\n!function(d,l){\"use strict\";l.querySelector&&d.addEventListener&&\"undefined\"!=typeof URL&&(d.wp=d.wp||{},d.wp.receiveEmbedMessage||(d.wp.receiveEmbedMessage=function(e){var t=e.data;if((t||t.secret||t.message||t.value)&&!\/[^a-zA-Z0-9]\/.test(t.secret)){for(var s,r,n,a=l.querySelectorAll('iframe[data-secret=\"'+t.secret+'\"]'),o=l.querySelectorAll('blockquote[data-secret=\"'+t.secret+'\"]'),c=new RegExp(\"^https?:$\",\"i\"),i=0;i<o.length;i++)o[i].style.display=\"none\";for(i=0;i<a.length;i++)s=a[i],e.source===s.contentWindow&&(s.removeAttribute(\"style\"),\"height\"===t.message?(1e3<(r=parseInt(t.value,10))?r=1e3:~~r<200&&(r=200),s.height=r):\"link\"===t.message&&(r=new URL(s.getAttribute(\"src\")),n=new URL(t.value),c.test(n.protocol))&&n.host===r.host&&l.activeElement===s&&(d.top.location.href=t.value))}},d.addEventListener(\"message\",d.wp.receiveEmbedMessage,!1),l.addEventListener(\"DOMContentLoaded\",function(){for(var e,t,s=l.querySelectorAll(\"iframe.wp-embedded-content\"),r=0;r<s.length;r++)(t=(e=s[r]).getAttribute(\"data-secret\"))||(t=Math.random().toString(36).substring(2,12),e.src+=\"#?secret=\"+t,e.setAttribute(\"data-secret\",t)),e.contentWindow.postMessage({message:\"ready\",secret:t},\"*\")},!1)))}(window,document);\n\/* ]]> *\/\n<\/script>\n","description":"Frota &amp; Cia &nbsp; A Carboni inicia as atividades na cidade de Passo Fundo (RS), com sua d\u00e9cima concession\u00e1ria no Brasil. A nova casa Iveco est\u00e1 localizada \u00e0s margens da BR 285, num ponto estrat\u00e9gico, em meio a um grande fluxo de caminh\u00f5es pesados que partem dos estados do Sul para outras regi\u00f5es do pa\u00eds\u2026 Leia mais \u00bb"}

Carboni inaugura 10ª concessionária Iveco - Canal Dana

<blockquote class="wp-embedded-content" data-secret="R04fqZrKhZ"><a href="https://dana.com.br/canaldana/2015/12/18/carboni-inaugura-10a-concessionaria-iveco/">Carboni inaugura 10ª concessionária Iveco</a></blockquote><iframe sandbox="allow-scripts" security="restricted" src="https://dana.com.br/canaldana/2015/12/18/carboni-inaugura-10a-concessionaria-iveco/embed/#?secret=R04fqZrKhZ" width="600" height="338" title="&#8220;Carboni inaugura 10ª concessionária Iveco&#8221; &#8212; Canal Dana" data-secret="R04fqZrKhZ" frameborder="0" marginwidth="0" marginheight="0" scrolling="no" class="wp-embedded-content"></iframe><script type="text/javascript">
/* <![CDATA[ */
/*! This file is auto-generated */
!function(d,l){"use strict";l.querySelector&&d.addEventListener&&"undefined"!=typeof URL&&(d.wp=d.wp||{},d.wp.receiveEmbedMessage||(d.wp.receiveEmbedMessage=function(e){var t=e.data;if((t||t.secret||t.message||t.value)&&!/[^a-zA-Z0-9]/.test(t.secret)){for(var s,r,n,a=l.querySelectorAll('iframe[data-secret="'+t.secret+'"]'),o=l.querySelectorAll('blockquote[data-secret="'+t.secret+'"]'),c=new RegExp("^https?:$","i"),i=0;i<o.length;i++)o[i].style.display="none";for(i=0;i<a.length;i++)s=a[i],e.source===s.contentWindow&&(s.removeAttribute("style"),"height"===t.message?(1e3<(r=parseInt(t.value,10))?r=1e3:~~r<200&&(r=200),s.height=r):"link"===t.message&&(r=new URL(s.getAttribute("src")),n=new URL(t.value),c.test(n.protocol))&&n.host===r.host&&l.activeElement===s&&(d.top.location.href=t.value))}},d.addEventListener("message",d.wp.receiveEmbedMessage,!1),l.addEventListener("DOMContentLoaded",function(){for(var e,t,s=l.querySelectorAll("iframe.wp-embedded-content"),r=0;r<s.length;r++)(t=(e=s[r]).getAttribute("data-secret"))||(t=Math.random().toString(36).substring(2,12),e.src+="#?secret="+t,e.setAttribute("data-secret",t)),e.contentWindow.postMessage({message:"ready",secret:t},"*")},!1)))}(window,document);
/* ]]> */
</script>

Frota &amp; Cia &nbsp; A Carboni inicia as atividades na cidade de Passo Fundo (RS), com sua décima concessionária no Brasil. A nova casa Iveco está localizada às margens da BR 285, num ponto estratégico, em meio a um grande fluxo de caminhões pesados que partem dos estados do Sul para outras regiões do país… Leia mais »
