{"version":"1.0","provider_name":"Canal Dana","provider_url":"https:\/\/dana.com.br\/canaldana","author_name":"Canal Dana","author_url":"https:\/\/dana.com.br\/canaldana\/author\/cdeditor\/","title":"PSA mant\u00e9m planos no Pa\u00eds, apesar de crise - Canal Dana","type":"rich","width":600,"height":338,"html":"<blockquote class=\"wp-embedded-content\" data-secret=\"sBpB6Ij0yP\"><a href=\"https:\/\/dana.com.br\/canaldana\/2015\/11\/12\/psa-mantem-planos-no-pais-apesar-de-crise\/\">PSA mant\u00e9m planos no Pa\u00eds, apesar de crise<\/a><\/blockquote><iframe sandbox=\"allow-scripts\" security=\"restricted\" src=\"https:\/\/dana.com.br\/canaldana\/2015\/11\/12\/psa-mantem-planos-no-pais-apesar-de-crise\/embed\/#?secret=sBpB6Ij0yP\" width=\"600\" height=\"338\" title=\"&#8220;PSA mant\u00e9m planos no Pa\u00eds, apesar de crise&#8221; &#8212; Canal Dana\" data-secret=\"sBpB6Ij0yP\" frameborder=\"0\" marginwidth=\"0\" marginheight=\"0\" scrolling=\"no\" class=\"wp-embedded-content\"><\/iframe><script type=\"text\/javascript\">\n\/* <![CDATA[ *\/\n\/*! This file is auto-generated *\/\n!function(d,l){\"use strict\";l.querySelector&&d.addEventListener&&\"undefined\"!=typeof URL&&(d.wp=d.wp||{},d.wp.receiveEmbedMessage||(d.wp.receiveEmbedMessage=function(e){var t=e.data;if((t||t.secret||t.message||t.value)&&!\/[^a-zA-Z0-9]\/.test(t.secret)){for(var s,r,n,a=l.querySelectorAll('iframe[data-secret=\"'+t.secret+'\"]'),o=l.querySelectorAll('blockquote[data-secret=\"'+t.secret+'\"]'),c=new RegExp(\"^https?:$\",\"i\"),i=0;i<o.length;i++)o[i].style.display=\"none\";for(i=0;i<a.length;i++)s=a[i],e.source===s.contentWindow&&(s.removeAttribute(\"style\"),\"height\"===t.message?(1e3<(r=parseInt(t.value,10))?r=1e3:~~r<200&&(r=200),s.height=r):\"link\"===t.message&&(r=new URL(s.getAttribute(\"src\")),n=new URL(t.value),c.test(n.protocol))&&n.host===r.host&&l.activeElement===s&&(d.top.location.href=t.value))}},d.addEventListener(\"message\",d.wp.receiveEmbedMessage,!1),l.addEventListener(\"DOMContentLoaded\",function(){for(var e,t,s=l.querySelectorAll(\"iframe.wp-embedded-content\"),r=0;r<s.length;r++)(t=(e=s[r]).getAttribute(\"data-secret\"))||(t=Math.random().toString(36).substring(2,12),e.src+=\"#?secret=\"+t,e.setAttribute(\"data-secret\",t)),e.contentWindow.postMessage({message:\"ready\",secret:t},\"*\")},!1)))}(window,document);\n\/* ]]> *\/\n<\/script>\n","description":"O Estado de S. Paulo &nbsp; A nova linha de montagem que dobrou a capacidade produtiva da f\u00e1brica da PSA Peugeot Citr\u00f6en em Porto Real (RJ), conclu\u00edda no in\u00edcio do ano passado, praticamente ainda n\u00e3o foi utilizada. Est\u00e1 \u00e0 espera da melhora do mercado para entrar em opera\u00e7\u00e3o, em data ainda imprevista. O grupo, que\u2026 Leia mais \u00bb"}

PSA mantém planos no País, apesar de crise - Canal Dana

<blockquote class="wp-embedded-content" data-secret="sBpB6Ij0yP"><a href="https://dana.com.br/canaldana/2015/11/12/psa-mantem-planos-no-pais-apesar-de-crise/">PSA mantém planos no País, apesar de crise</a></blockquote><iframe sandbox="allow-scripts" security="restricted" src="https://dana.com.br/canaldana/2015/11/12/psa-mantem-planos-no-pais-apesar-de-crise/embed/#?secret=sBpB6Ij0yP" width="600" height="338" title="&#8220;PSA mantém planos no País, apesar de crise&#8221; &#8212; Canal Dana" data-secret="sBpB6Ij0yP" frameborder="0" marginwidth="0" marginheight="0" scrolling="no" class="wp-embedded-content"></iframe><script type="text/javascript">
/* <![CDATA[ */
/*! This file is auto-generated */
!function(d,l){"use strict";l.querySelector&&d.addEventListener&&"undefined"!=typeof URL&&(d.wp=d.wp||{},d.wp.receiveEmbedMessage||(d.wp.receiveEmbedMessage=function(e){var t=e.data;if((t||t.secret||t.message||t.value)&&!/[^a-zA-Z0-9]/.test(t.secret)){for(var s,r,n,a=l.querySelectorAll('iframe[data-secret="'+t.secret+'"]'),o=l.querySelectorAll('blockquote[data-secret="'+t.secret+'"]'),c=new RegExp("^https?:$","i"),i=0;i<o.length;i++)o[i].style.display="none";for(i=0;i<a.length;i++)s=a[i],e.source===s.contentWindow&&(s.removeAttribute("style"),"height"===t.message?(1e3<(r=parseInt(t.value,10))?r=1e3:~~r<200&&(r=200),s.height=r):"link"===t.message&&(r=new URL(s.getAttribute("src")),n=new URL(t.value),c.test(n.protocol))&&n.host===r.host&&l.activeElement===s&&(d.top.location.href=t.value))}},d.addEventListener("message",d.wp.receiveEmbedMessage,!1),l.addEventListener("DOMContentLoaded",function(){for(var e,t,s=l.querySelectorAll("iframe.wp-embedded-content"),r=0;r<s.length;r++)(t=(e=s[r]).getAttribute("data-secret"))||(t=Math.random().toString(36).substring(2,12),e.src+="#?secret="+t,e.setAttribute("data-secret",t)),e.contentWindow.postMessage({message:"ready",secret:t},"*")},!1)))}(window,document);
/* ]]> */
</script>

O Estado de S. Paulo &nbsp; A nova linha de montagem que dobrou a capacidade produtiva da fábrica da PSA Peugeot Citröen em Porto Real (RJ), concluída no início do ano passado, praticamente ainda não foi utilizada. Está à espera da melhora do mercado para entrar em operação, em data ainda imprevista. O grupo, que… Leia mais »
